r of 14506488 and 46104.
2712
Calculate the highest common divisor of 8838963 and 1701.
567
Calculate the highest common factor of 3572 and 105671792.
188
Calculate the greatest common divisor of 3965 and 66580280.
3965
Calculate the greatest common divisor of 924284 and 19368.
1076
What is the greatest common divisor of 1691267 and 1442957?
2759
What is the greatest common factor of 558576 and 5616?
432
What is the highest common divisor of 850 and 2586950?
50
What is the greatest common factor of 31798975 and 1300?
325
Calculate the highest common divisor of 387042 and 132612.
1542
What is the highest common divisor of 194630784 and 2784?
96
Calculate the highest common divisor of 568 and 25316.
4
What is the highest common factor of 6930 and 11286?
198
What is the highest common divisor of 2402844 and 228?
12
What is the highest common factor of 84356501 and 1832?
229
What is the highest common divisor of 765 and 3366680?
85
Calculate the highest common divisor of 146721182 and 1926.
214
Calculate the highest common factor of 785097 and 486.
9
Calculate the greatest common divisor of 3377615 and 691670.
1205
What is the greatest common divisor of 528 and 378582072?
264
What is the highest common divisor of 1068906 and 914?
2
What is the greatest common factor of 1531275 and 1275?
1275
What is the greatest common divisor of 316 and 266226050?
158
What is the highest common divisor of 92 and 6418012?
92
What is the highest common factor of 203580282 and 6?
6
What is the greatest common divisor of 536 and 136732?
4
What is the highest common factor of 36 and 224201619?
9
What is the greatest common divisor of 1950 and 664935050?
650
Calculate the greatest common factor of 32108 and 43838.
46
What is the highest common divisor of 196416 and 3372?
12
What is the greatest common factor of 47560 and 1208400?
40
Calculate the highest common factor of 342244 and 140420.
476
Calculate the highest common divisor of 20 and 69005530.
10
What is the highest common factor of 117552 and 81888?
48
Calculate the highest common divisor of 17168 and 509008.
464
What is the highest common divisor of 2 and 15617006?
2
Calculate the greatest common factor of 37605 and 127695.
15
Calculate the greatest common factor of 52427 and 83476.
509
What is the greatest common divisor of 8246 and 3028942?
266
What is the highest common divisor of 105952 and 2548051?
473
Calculate the highest common factor of 38296 and 2243.
1
What is the greatest common factor of 137 and 28569?
1
Calculate the highest common factor of 34 and 51715462.
34
What is the greatest common factor of 7105667 and 203?
29
Calculate the highest common factor of 57398 and 4928.
22
What is the greatest common divisor of 599975 and 247200?
2575
Calculate the highest common factor of 797604 and 624.
12
What is the greatest common divisor of 210138585 and 15?
15
Calculate the greatest common factor of 115283 and 101093.
43
Calculate the highest common divisor of 17667 and 9650259.
1359
What is the highest common factor of 186 and 355322?
62
Calculate the highest common divisor of 95920 and 5837168.
1744
Calculate the highest common divisor of 19067 and 10560631.
829
What is the greatest common divisor of 62189299 and 76?
19
Calculate the greatest common divisor of 378 and 8804718.
18
What is the highest common factor of 56688 and 1240?
8
Calculate the highest common factor of 136959760 and 5572.
5572
Calculate the highest common factor of 36214409 and 77.
77
Calculate the highest common factor of 7936 and 177196.
124
What is the highest common divisor of 6447420 and 56631?
129
What is the greatest common divisor of 32240980 and 127091?
6689
What is the greatest common factor of 10203482 and 3950?
158
Calculate the greatest common divisor of 15312168 and 36.
36
Calculate the greatest common divisor of 66 and 2482602.
6
Calculate the greatest common divisor of 92560 and 3365713.
1157
What is the highest common factor of 2665 and 5124067?
13
What is the greatest common divisor of 644670 and 3510?
1170
Calculate the greatest common divisor of 6919 and 1090057.
629
Calculate the greatest common divisor of 11177712 and 117.
117
Calculate the greatest common divisor of 13407 and 551371813.
4469
Calculate the greatest common factor of 330660 and 5755.
5
Calculate the highest common factor of 10524 and 29396163.
2631
What is the highest common divisor of 18669018 and 339814?
2594
What is the greatest common divisor of 10 and 12770120?
10
What is the greatest common factor of 19527952 and 32?
16
What is the highest common divisor of 1378452 and 24?
12
What is the highest common factor of 93117830 and 13?
13
What is the greatest common factor of 4749 and 1809463980?
4749
Calculate the greatest common factor of 1464358 and 112.
14
What is the greatest common divisor of 15184148 and 789656?
6692
Calculate the highest common divisor of 308 and 209825924.
308
Calculate the highest common factor of 189 and 31132080.
189
What is the greatest common divisor of 513355 and 3457415?
6185
Calculate the highest common divisor of 3328 and 36239528.
104
What is the highest common divisor of 748 and 14510826?
374
Calculate the greatest common factor of 27 and 144059310.
27
Calculate the greatest common divisor of 234601 and 39616.
619
What is the greatest common factor of 1298 and 50732330?
1298
What is the greatest common divisor of 203895638 and 1418?
1418
Calculate the highest common divisor of 7647859 and 89.
89
Calculate the greatest common divisor of 3427208900 and 13100.
13100
Calculate the greatest common factor of 35352 and 19944.
72
What is the greatest common divisor of 92995 and 2197339?
2657
Calculate the greatest common factor of 15141 and 102279.
309
Calculate the highest common factor of 84487 and 918905.
871
Calculate the highest common divisor of 46424 and 122360.
56
What is the greatest common factor of 4386977 and 231?
7
What is the greatest common divisor of 42753487 and 55818?
3101
Calculate the highest common factor of 349727 and 1092609.
329
What is the highest common factor of 870 and 1716285?
15
What is the greatest common divisor of 53751 and 24035?
437
What is the greatest common divisor of 333 and 1949364?
9
What is the highest common factor of 35483 and 85351?
959
What is the highest common factor of 49594 and 20123218?
362
Calculate the greatest common divisor of 135540 and 160380.
540
What is the highest common factor of 1140 and 8348760?
60
Calculate the highest common divisor of 11780 and 41612660.
380
What is the greatest common factor of 1531144 and 1000?
8
What is the highest common divisor of 41109 and 21423?
579
What is the highest common divisor of 76246352 and 196?
196
What is the highest common divisor of 56 and 53937688?
56
What is the greatest common factor of 17024660 and 16960?
1060
Calculate the highest common divisor of 30693914 and 460.
46
What is the highest common divisor of 1302 and 2113482?
42
Calculate the greatest common factor of 22 and 55881474.
22
What is the greatest common divisor of 35679770 and 1190?
1190
Calculate the highest common factor of 392802 and 22.
2
Calculate the greatest common factor of 1204495390 and 1054.
1054
Calculate the greatest common divisor of 3476875 and 70000.
625
What is the highest common divisor of 14576 and 6175669?
911
What is the greatest common factor of 186232 and 64?
8
What is the greatest common divisor of 991572 and 13642813?
4349
What is the greatest common divisor of 715 and 22332700?
65
What is the highest common divisor of 8828 and 174?
2
Calculate the highest common factor of 58875369 and 5607.
1869
What is the greatest common divisor of 8 and 38081464?
8
What is the greatest common factor of 61225 and 79?
79
Calculate the greatest common divisor of 736464 and 13857744.
3216
What is the greatest common factor of 8129134 and 158471?
4283
Calculate the greatest common divisor of 31061925 and 275.
25
What is the greatest common factor of 15385934 and 4738?
206
What is the highest common factor of 4064 and 5173726?
254
What is the greatest common factor of 19245 and 50655?
15
Calculate the highest common divisor of 20223 and 13293.
63
Calculate the highest common factor of 11280 and 12147.
3
What is the greatest common factor of 59